2
What is the highest common divisor of 145020 and 660?
60
What is the highest common factor of 813 and 5335719?
813
What is the greatest common divisor of 14150 and 14825?
25
What is the greatest common divisor of 15657 and 124335?
921
What is the highest common divisor of 469 and 930295?
67
Calculate the highest common divisor of 612 and 1569168.
612
Calculate the greatest common factor of 234 and 79586.
26
Calculate the greatest common factor of 261 and 899.
29
Calculate the greatest common divisor of 1341 and 972.
9
Calculate the greatest common divisor of 240 and 141528.
24
What is the highest common factor of 1571620 and 6265?
895
Calculate the greatest common divisor of 19572 and 8.
4
Calculate the greatest common factor of 614358 and 8074.
734
What is the highest common factor of 25637 and 31?
31
What is the greatest common divisor of 257 and 238753?
257
What is the highest common divisor of 6 and 368547?
3
What is the highest common factor of 20009 and 1111?
11
Calculate the greatest common divisor of 2000 and 685.
5
What is the greatest common factor of 24 and 38856?
24
Calculate the greatest common factor of 731211 and 52.
13
What is the highest common divisor of 137924 and 58?
58
What is the greatest common factor of 3036 and 5704?
92
What is the highest common divisor of 6777 and 114?
3
Calculate the highest common divisor of 578400 and 16629.
723
Calculate the highest common factor of 171 and 94509.
9
What is the greatest common factor of 68 and 158?
2
What is the greatest common divisor of 55 and 672529?
11
What is the greatest common divisor of 10706 and 707?
101
Calculate the highest common divisor of 24376 and 1012.
44
Calculate the greatest common divisor of 4725 and 850.
25
Calculate the greatest common divisor of 30972 and 14703.
87
Calculate the highest common divisor of 200 and 31300.
100
What is the highest common factor of 339684 and 12?
12
What is the highest common divisor of 884 and 635324?
68
What is the highest common factor of 28092 and 12?
12
Calculate the highest common factor of 75284 and 20119.
649
Calculate the highest common divisor of 5372 and 1632.
68
Calculate the greatest common divisor of 667664 and 176.
16
Calculate the greatest common factor of 12 and 29578.
2
What is the greatest common divisor of 246 and 1074?
6
What is the highest common factor of 360 and 423?
9
What is the highest common factor of 3300 and 1217100?
300
What is the highest common divisor of 75040 and 1675?
335
What is the highest common divisor of 33631 and 9751?
199
What is the greatest common factor of 75 and 78675?
75
What is the greatest common factor of 301 and 4613?
7
What is the greatest common divisor of 95382 and 238?
14
What is the highest common divisor of 26307 and 777?
111
Calculate the greatest common factor of 78 and 17928222.
78
What is the highest common factor of 343635 and 155?
155
What is the greatest common divisor of 53295 and 765?
255
Calculate the highest common divisor of 10095811 and 583.
583
Calculate the highest common factor of 37760 and 10880.
640
What is the greatest common factor of 1316 and 14852?
188
What is the greatest common divisor of 9759407 and 19?
19
What is the greatest common divisor of 1340 and 78055?
335
Calculate the highest common divisor of 4992 and 3108.
12
Calculate the greatest common factor of 1154677 and 487.
487
What is the highest common factor of 118 and 23659?
59
What is the greatest common factor of 225264 and 16848?
624
What is the highest common factor of 77 and 46123?
77
What is the greatest common divisor of 1314 and 2718?
18
What is the greatest common divisor of 1130 and 860608?
226
Calculate the highest common divisor of 35271 and 63.
9
Calculate the highest common factor of 57151 and 69093.
853
What is the greatest common factor of 200 and 14312?
8
What is the highest common factor of 68747 and 1449?
161
What is the highest common divisor of 4828 and 1156?
68
Calculate the greatest common divisor of 90 and 38470.
10
Calculate the greatest common factor of 6366 and 18.
6
What is the greatest common divisor of 2037 and 60237?
291
What is the highest common factor of 42950 and 1350?
50
Calculate the highest common divisor of 119124 and 108.
108
Calculate the highest common factor of 102 and 46512.
102
What is the highest common divisor of 800 and 3275?
25
Calculate the greatest common divisor of 1680 and 868.
28
Calculate the greatest common divisor of 175412 and 4.
4
Calculate the greatest common factor of 98238 and 42.
42
Calculate the greatest common factor of 7015 and 4636.
61
What is the highest common divisor of 3900 and 96?
12
Calculate the highest common factor of 2697 and 1023.
93
Calculate the greatest common divisor of 695 and 77006.
139
What is the greatest common factor of 2070875 and 75?
25
Calculate the highest common divisor of 26418 and 1998.
222
Calculate the highest common divisor of 3508 and 24.
4
What is the greatest common divisor of 365000 and 73?
73
Calculate the greatest common divisor of 41934 and 174.
174
Calculate the greatest common factor of 536922 and 2282.
326
What is the greatest common factor of 377 and 3567?
29
What is the greatest common factor of 24254 and 536?
134
Calculate the highest common factor of 49098 and 16464.
294
What is the greatest common divisor of 9 and 3308427?
9
What is the highest common divisor of 12210 and 825?
165
Calculate the greatest common factor of 3484 and 14204.
268
Calculate the greatest common divisor of 724 and 289781.
181
What is the greatest common divisor of 134 and 280060?
134
Calculate the highest common divisor of 30584 and 104.
8
What is the highest common divisor of 12270 and 60?
30
What is the highest common factor of 10640 and 349790?
1330
Calculate the highest common divisor of 486 and 96.
6
What is the highest common divisor of 108513 and 45?
9
What is the greatest common factor of 326368 and 104?
8
What is the highest common divisor of 5221 and 6463?
23
Calculate the highest common factor of 4340 and 1820.
140
What is the greatest common divisor of 1167997 and 47?
47
Calculate the greatest common factor of 2331037 and 37.
37
Calculate the highest common divisor of 503 and 9017784.
503
What is the greatest common factor of 122 and 1274107?
61
What is the highest common factor of 2329 and 33286?
17
Calculate the greatest common factor of 1690 and 51714.
338
What is the greatest common factor of 44034 and 3?
3
What is the greatest common divisor of 7 and 86345?
7
Calculate the highest common factor of 410 and 142.
2
Calculate the highest common factor of 11 and 281743.
11
What is the highest common divisor of 134 and 43081?
67
Calculate the greatest common divisor of 31036 and 16.
4
What is the greatest common factor of 1652864 and 1745?
349
Calculate the highest common factor of 6187 and 1016282.
269
Calculate the greatest common divisor of 6580 and 7420.
140
Calculate the highest common divisor of 132 and 265155.
33
Calculate the greatest common factor of 67458 and 18.
6
Calculate the highest common factor of 1484 and 230762.
742
What is the highest common factor of 3161 and 2929?
29
What is the greatest common factor of 354060 and 35?
35
What is the greatest common divisor of 22358 and 14?
14
What is the greatest common factor of 4374512 and 101?
101
Calculate the greatest common divisor of 351 and 12363.
39
What is the greatest common divisor of 31 and 92969?
31
Calculate the greatest common factor of 15 and 3273.
3
Calculate the greatest common divisor of 1002825 and 10.
5
Calculate the highest common divisor of 15 and 214860.
15
What is the greatest common factor of 22374 and 1287?
99
Calculate the greatest common divisor of 468780 and 7020.
780
What is the greatest common divisor of 92966 and 73186?
1978
What is the highest common factor of 2071 and 14117?
19
What is the highest common divisor of 27 and 128484?
9
Calculate the highest common divisor of 7707028 and 28.
28
Calculate the highest common factor of 2880 and 1201680.
720
Calculate the greatest common divisor of 123 and 78720.
123
Calculate the greatest common divisor of 4752 and 342.
18
What is the greatest common divisor of 189 and 567252?
63
What is the highest common factor of 264 and 395472?
264
Calculate the greates